{"id":7,"date":"2023-03-31T09:39:30","date_gmt":"2023-03-31T09:39:30","guid":{"rendered":"http:\/\/trois-moulins.be\/?page_id=7"},"modified":"2026-02-26T16:45:51","modified_gmt":"2026-02-26T16:45:51","slug":"accueil-2","status":"publish","type":"page","link":"http:\/\/trois-moulins.be\/","title":{"rendered":"Accueil"},"content":{"rendered":"\n<h2 class=\"wp-block-heading has-text-align-center\">!!! NOUVEAU NUMERO DE COMPTE BANCAIRE !!!<\/h2>\n\n\n\n<h2 class=\"wp-block-heading has-text-align-center\"><strong><mark style=\"background-color:#00d084\" class=\"has-inline-color has-black-color\">BE14 0689 5778 3683<\/mark><\/strong><\/h2>\n\n\n\n<p class=\"has-text-align-center\"><strong><mark style=\"background-color:#fcb900\" class=\"has-inline-color\">Edition 2026 : samedi 11 avril 2026<\/mark><\/strong><\/p>\n\n\n\n<p>En plein c\u0153ur de la vall\u00e9e de la Semois, un parcours bois\u00e9 d&rsquo;environ 110 km dont 90 % de chemins forestiers.<\/p>\n\n\n\n<p>Nous passerons \u00e0 proximit\u00e9 de trois moulins magnifiquement restaur\u00e9s et traverserons de superbes paysages ainsi que de remarquables peuplements forestiers.<\/p>\n\n\n\n<p class=\"has-text-align-left\"><strong>ATTENTION : Nous serons intransigeants sur le niveau sonore de vos quads ! (96 dB)<br><\/strong><br>Vous trouverez sur ce site tous renseignements utiles.<\/p>\n\n\n\n<p>La randonn\u00e9e est organis\u00e9e par les membres et au profit exclusif des actions sociales du Lions Club Gedinne Croix-Scaille.<br><br>Avant de vous inscrire, veuillez consulter le r\u00e8glement, les infos pratiques, etc\u2026 en cliquant sur l&rsquo;onglet ad hoc. Merci.<br><br>Enregistrement de votre inscription UNIQUEMENT via le FORMULAIRE EN LIGNE.<br><br>Belangrijk: Deze tekst is ook in het Nederlands. <a href=\"http:\/\/trois-moulins.be\/?page_id=64&amp;lang=nl\" data-type=\"page\" data-id=\"64\">Kijk hiervoor<\/a> op de website.<\/p>\n\n\n\n<p>Wichtig : DieserText besteht auch in deutsch. <a href=\"http:\/\/trois-moulins.be\/?page_id=55&amp;lang=de\" data-type=\"page\" data-id=\"55\">Siehe weiter<\/a> auf der website<br><br>Lions Club Gedinne Croix-Scaille<\/p>\n","protected":false},"excerpt":{"rendered":"<p>!!! NOUVEAU NUMERO DE COMPTE BANCAIRE !!! BE14 0689 5778 3683 Edition 2026 : samedi 11 avril 2026 En plein c\u0153ur de la vall\u00e9e de la Semois, un parcours bois\u00e9 d&rsquo;environ 110 km dont 90 % de chemins forestiers. Nous passerons \u00e0 proximit\u00e9 de trois moulins magnifiquement restaur\u00e9s et traverserons de superbes paysages ainsi que<a class=\"moretag\" href=\"http:\/\/trois-moulins.be\/\"><span class=\"screen-reader-text\">Read more about Accueil<\/span>[&#8230;]<\/a><\/p>\n","protected":false},"author":1,"featured_media":0,"parent":0,"menu_order":0,"comment_status":"closed","ping_status":"closed","template":"","meta":{"footnotes":""},"class_list":["post-7","page","type-page","status-publish","hentry"],"_links":{"self":[{"href":"http:\/\/trois-moulins.be\/index.php?rest_route=\/wp\/v2\/pages\/7","targetHints":{"allow":["GET"]}}],"collection":[{"href":"http:\/\/trois-moulins.be\/index.php?rest_route=\/wp\/v2\/pages"}],"about":[{"href":"http:\/\/trois-moulins.be\/index.php?rest_route=\/wp\/v2\/types\/page"}],"author":[{"embeddable":true,"href":"http:\/\/trois-moulins.be\/index.php?rest_route=\/wp\/v2\/users\/1"}],"replies":[{"embeddable":true,"href":"http:\/\/trois-moulins.be\/index.php?rest_route=%2Fwp%2Fv2%2Fcomments&post=7"}],"version-history":[{"count":22,"href":"http:\/\/trois-moulins.be\/index.php?rest_route=\/wp\/v2\/pages\/7\/revisions"}],"predecessor-version":[{"id":195,"href":"http:\/\/trois-moulins.be\/index.php?rest_route=\/wp\/v2\/pages\/7\/revisions\/195"}],"wp:attachment":[{"href":"http:\/\/trois-moulins.be\/index.php?rest_route=%2Fwp%2Fv2%2Fmedia&parent=7"}],"curies":[{"name":"wp","href":"https:\/\/api.w.org\/{rel}","templated":true}]}}